t j(u) = 47*u**2 - 12*u + 145. Is j(-12) a composite number?
False
Suppose 2*c + 2 = -10. Is 2/(6/3561) - 0/c composite?
False
Is (48/28)/((-2)/(-217)) - -5 a composite number?
False
Is (-16)/(-10) - (-2)/5 - -157 prime?
False
Suppose -t = 3, 0 = 2*p - 4*t + 1 - 13. Suppose 0 = -5*l - p*l + 805. Is l composite?
True
Let l = -250 + 170. Let y = 34 + l. Let x = 83 + y. Is x prime?
True
Suppose 33*o + 3364 = 37*o. Is o prime?
False
Suppose -18*j + 1227264 - 29454 = 0. Is j prime?
False
Suppose -116987 = -57*o + 44*o. Is o a composite number?
False
Let d be 0 + 35/7 + 2 + 0. Let x(t) be the first derivative of 7*t**2/2 + 4*t - 1. Is x(d) a composite number?
False
Suppose 4*c - 12 = -2*j, -j - 4 = -6. Suppose c*r - 2479 = 4239. Is r composite?
False
Is 442039/185 - (-4)/(-10) a prime number?
True
Let g = 6483 + -3556. Is g a composite number?
False
Let i(f) be the third derivative of 3359*f**5/60 - f**4/12 - f**3/3 - 15*f**2. Is i(-1) a composite number?
False
Is ((-2)/6)/(-4 + (-2472481)/(-618123)) composite?
False
Let r(o) = -18*o + 40. Let y = 16 + -35. Is r(y) prime?
False
Let q(p) = 105*p**2 + 5*p + 13. Is q(8) a prime number?
False
Suppose -345*f = -354*f + 855. Let a be (0 - -1) + 2 + -31. Let l = f + a. Is l prime?
True
Let l(f) = 13*f**2 + 5*f - 2. Let c be l(-6). Suppose p = 5*p - c. Let u = p + -30. Is u a composite number?
False
Let v = -201678 + 119004. Is 0 - v/9*1/2 composite?
True
Let o(t) = -t**2 + 7*t. Let p be o(6). Let y be (84/(-5))/(p/75). Is -3 - (y - 0 - 2) a prime number?
False
Let j be 30/(-120) - (0 - (-6)/8). Is (3 + 66/(-3))*j composite?
False
Let v = -751 - 1007. Is 1 - (4 + -6) - v a prime number?
False
Suppose 5*h = -2*w + 63705, 23464 + 27507 = 4*h + 3*w. Is h a prime number?
True
Let t(h) = -206*h + 3. Is t(-32) a prime number?
False
Suppose 2*o = 5*f + 16394, -62*o + 4*f - 32732 = -66*o. Is o a composite number?
True
Suppose 2*j = 3*j + 2. Is j/4 + (-4689)/(-6) prime?
False
Let w(r) = -11*r**3 + 4*r**2 - 2*r - 5. Let s be w(4). Let n = 1808 - s. Is n a composite number?
True
Suppose -150457 = -61*o + 199134. Is o a composite number?
True
Is 1*(18343 + 3 + 3) a composite number?
True
Let y = 4700 + -2309. Is y a prime number?
False
Let i(q) = 908*q**2 + 50*q + 185. Is i(-4) composite?
True
Let a(d) = 3*d - 5. Let r be a(3). Is 1158/r - (-5)/(-10) a prime number?
False
Let s = 35 - 30. Suppose -d + s*d = 3756. Is d a composite number?
True
Suppose 4*o = 6*o - 8. Suppose 0 = 4*a - 2*l - 1934, o*l + 6 = -14. Is a composite?
True
Let o(j) = 323*j - 36*j + 63 + 105*j. Is o(8) composite?
True
Suppose -d - 4*h = -11, 2*d - 3 = -5*h + 13. Suppose -72 = -d*x + 363. Is x a prime number?
False
Let d be (6/(-60)*4)/((-2)/370). Suppose -5*h + d = -4*h. Is h composite?
True
Let p(r) = -62*r - 19. Let z be p(-9). Let w = z - -15. Is w prime?
False
Let u be (-4)/3*(-12)/8. Is (8 - 13)/((-1)/u) composite?
True
Let m(o) = 0*o - 5 + 6*o + 6*o**3 + 4*o**3 - 3*o**2 - 8*o**3. Let d(n) = n**2 - 3. Let b be d(-3). Is m(b) composite?
True
Let q(p) = p**2 + 2*p - 2. Suppose 3*t = -2*w + 4*t + 1, t + 1 = 3*w. Let h be q(w). Is (h + -1080)/(1 - 3) prime?
True
Let s(r) = 1893*r + 11. Let m(u) = 946*u + 6. Let p(z) = 5*m(z) - 3*s(z). Is p(-4) prime?
True
Suppose 4*c + 5*b = 48913, 3*c - 2*b - 12225 = 2*c. Is c a composite number?
False
Let c be 2/(-9) - 65/(-9). Let t(d) be the first derivative of d**4/4 - 2*d**3 - 3*d + 4. Is t(c) composite?
True
Suppose 2*m - 51404 = 21022. Is m prime?
False
Let k = -41 + 19. Is (k/(-6))/(1/111) a composite number?
True
Let r(q) = -3*q**2 + q. Let z be r(-1). Let g be (-8)/(-3)*(-3)/z. Suppose 3*y + f = 154, -4*f + 139 = g*y + y. Is y composite?
False
Let l(s) = -8*s**3 + 2*s**2 + 20*s + 3. Is l(-7) prime?
False
Suppose 4*p = -12*p + 20336. Is p composite?
True
Suppose -2*o - 10 = 2*i, 38 = -3*o + 3*i - 1. Let t(z) = -9*z + 8. Is t(o) composite?
False
Let d(u) = -u + 13. Let z be d(7). Suppose -10 = -4*k + z. Suppose j - 1148 = -k*b, -104 = -b - 3*j + 183. Is b a composite number?
True
Suppose 0 = 10*z - 8*z - 5*k - 239, 5*z - 680 = -4*k. Let w = 5 + -3. Suppose -2*f = w*f - z. Is f a composite number?
True
Let l(a) = -429*a**3 - a**2 - a - 14. Is l(-3) prime?
False
Suppose 0 = 3*r + 5*r - 24. Suppose 5*t - 5*z - 15 = 0, r*z + 11 = 4*t + t. Is ((-69)/(-6))/(t/2) a composite number?
False
Suppose -5*b + 10 = -15. Suppose 4*s + 2*d = 2590, -b*s + 2575 = -s - 3*d. Suppose -s - 176 = -3*i. Is i composite?
True
Let l = 6413 - -16956. Is l a composite number?
False
Let f be (146/4)/((-2)/(-4)). Suppose m - f = 222. Is m a prime number?
False
Suppose 2*m = b - 2*m + 2, -5*m = 3*b + 6. Let d be 1/b - 66/(-12). Suppose d*i - 1055 = -0*i. Is i prime?
True
Let v = -83078 - -120469. Is v prime?
False
Let m be (-1222)/(1*(-8)/4) - 2. Let g = 1328 - m. Is g prime?
True
Let d be 5*4/10 - -397. Let j = d - 260. Is j prime?
True
Let d = -226 - -463. Is d a prime number?
False
Suppose -8 = -0*g - 4*g + 4*v, -4*v - 8 = 5*g. Suppose g = -c + 554 - 119. Suppose -b + c = 4*b. Is b composite?
True
Suppose 1385 = 4*z - 103. Let f = 202 - -49. Let i = z + f. Is i composite?
True
Let i = 12 - 6. Suppose 4*c + m = 3129, i*c + m - 786 = 5*c. Is c a prime number?
False
Let b(g) = -14*g**2 - 8*g + 11. Let a be b(-7). Let d = 970 - a. Is d composite?
True
Let y = -13 + -17. Suppose 2144 = 21*x - 37*x. Is (x/(-6))/((-10)/y) prime?
True
Let p(x) = -9*x - 26. Let s be (32/20)/((-1)/10). Is p(s) a composite number?
True
Let l be -1 + (0 - -1 - -5). Suppose q - l*q + 244 = -3*x, -4*q = x - 228. Is q composite?
True
Suppose -6*k + 5*k + 5*x = -5443, 2*x = 3*k - 16316. Is k composite?
True
Let q = -103 - -103. Suppose -2*w + 3*n + 1010 = q, -3*n - 1509 = -7*w + 4*w. Is w composite?
False
Let x be 63/18 - 1/2. Suppose y + 2*y - x = 0. Is (9816/12)/(y - -1) a composite number?
False
Suppose 6*y - 5*y - 2 = 0. Suppose y*d + 5*l = 11, 0*l - 14 = -4*d - 2*l. Is (-452)/(-24)*d*2 a prime number?
True
Suppose 0 = 5*m + 6*m - 27533. Is m a prime number?
True
Let x(p) = p**3 - 17*p**2 + 17*p - 14. Let i be -4 + 20/((-2)/(-2)). Let z be x(i). Is 1 + (z + -6)*-91 a prime number?
False
Let x(z) = -40798*z - 41. Is x(-1) prime?
False
Suppose 0 = -33*v + 1765 + 86378. Is v prime?
True
Let u be (-3603)/(-12) - 1/4. Suppose 5*c = -6*x + x + u, 3*c - 182 = -2*x. Suppose -5*v + 128 = -c. Is v composite?
True
Suppose 0 = -11*p + 4965 + 15946. Is p a prime number?
True
Let j(a) = a + 4. Let c be j(-12). Let s(v) = -v**2 - 9*v - 6. Let u be s(c). Suppose 5*k - 85 = -4*l + 19, 4*k = u*l - 26. Is l composite?
True
Suppose -1170 = -23*o + 18*o. Let h = o - 121. Is h a composite number?
False
Suppose 6534 = -0*x + 2*x. Suppose 2602 = 4*y - 4*d - d, -5*y - d + x = 0. Is y prime?
True
Is (-6 + (-18)/(-6))*(-23194)/6 prime?
True
Suppose -202 + 102 = 4*d. Is (-24315)/d + ((-13)/5 - -3) composite?
True
Let f(c) = -c - 5. Let p be f(-9). Let b = -1 + p. Suppose -b*a = -3*l + a + 270, 0 = 3*l + 4*a - 294. Is l a composite number?
True
Suppose 0 = -0*o + o - 21. Is 6/o + 12162/14 composite?
True
Let d = -471 + 809. Let j = d - -243. Is j a prime number?
False
Let z(m) = m - 3. Let u be z(6). Let n(g) = g**3 + 11*g**2 + g + 13. Let x be n(-11). Suppose -x*d - v - 119 = -4*d, -u*v = -4*d + 241. Is d a prime number?
False
Let c(r) = -1471*r - 47. Is c(-4) prime?
False
Let a(m) = 11*m**2 - 5*m**2 - 2*m + 2 + 6*m**2 - 5*m**2. Is a(-5) composite?
True
Suppose -619*w = -616*w - 209445. Is w composite?
True
Let z be (-3)/4 + (-418)/(-88). Suppose -3*s + h = -6*s + 2452, -5*s + 2*h = -4105. Suppose 0 = -z*g - g + a + s, 3*g + 2*a = 481. Is g prime?
True
Suppose -5*o + 33 = -4*i - 14, i - 7 = -5*o. Is i/(-6) - 19568/(-48) prime?
True
Let s = 1624 + 5497. Is s composite?
False
Suppose 5*u - 162 = -5*i + u, 4*u - 42 = -i. Suppose -4*o = o + i. Is (-82 - (3 + o))/(-1) a prime number?
True
Let i(z) = 41*z - 84*z - 19 - 174*z - 243*z. Is i(-6) prime?
True
Let g(f) = 15*f**2 - 3*f - 3 - 23*f + 26. Let b(l) = 7*l**2 - 13*l + 11. Let m(p) = -13*b(p) + 6*g(p). Is m(6) a prime number?
True
Let a = -60 - -64. Suppose 0*w = -a*w + 20, d + 3*w - 1352 = 0. Is d prime?
False
Is (-46779)/(-27) - 68/(-153) a prime number?
True
Let x(v) = -902*v**2 + 3*v - 3. Let o be x(-5). Is 7/(-5) + 2 - o/70 a prim